Let s(u) = -570*u + 42180. Give s(74).
0
Let s(t) = -29*t**2 - 2748*t - 2069. Give s(-94).
-1
Let y(n) = 381267*n - 5337743. What is y(14)?
-5
Let w(j) = 11*j**3 - 233*j**2 + 40*j + 58. Determine w(21).
16
Let q(m) = -2185*m + 15922. Calculate q(8).
-1558
Let l(y) = -162*y + 40511. What is l(250)?
11
Let b(f) = 4019*f + 24034. Give b(-6).
-80
Let l(i) = i**3 + 7*i**2 - 643*i + 97. Calculate l(22).
-13
Let z(s) = -3*s**2 - 183*s - 2927. Calculate z(-34).
-173
Let u(s) = s**3 + 13*s**2 + 86*s + 180. Calculate u(-8).
-188
Let j(r) = -2*r**3 + 75*r**2 + 2141*r - 109. Calculate j(-19).
5
Let m(j) = 995*j + 3046. What is m(-3)?
61
Let t(u) = -7585*u - 933081. Give t(-123).
-126
Let a(k) = -4288*k**2 - k - 1. Calculate a(0).
-1
Let c(i) = -3*i**2 + 563*i + 7830. Determine c(-13).
4
Let k(z) = 5*z**3 - 71*z**2 - 88*z + 453. Calculate k(15).
33
Let o(c) = 13*c**2 - 500*c + 65. Give o(39).
338
Let u(k) = 168*k - 1760. Give u(20).
1600
Let r(l) = -2*l**3 - 622*l**2 - 65*l - 20237. Give r(-311).
-22
Let t(i) = -i**2 - 78*i - 1526. Give t(-40).
-6
Let a(h) = -2*h**2 - 282*h - 7918. What is a(-103)?
-90
Let l(n) = -34*n**2 + 3582*n + 85229. Give l(-20).
-11
Let z(j) = 374*j - 5868. What is z(15)?
-258
Let p(r) = -r**3 + 23*r**2 + 134*r + 549. Determine p(25).
2649
Let g(r) = -r**3 - 69*r**2 + 393*r - 92. What is g(5)?
23
Let q(s) = -s**2 + 7077*s - 204389. Give q(29).
3
Let a(s) = -s**3 + 48*s**2 + 52*s - 2193. Determine a(48).
303
Let k(f) = -f**3 + 31*f**2 + 619*f - 8. Calculate k(-10).
-2098
Let t(d) = d**2 + 947505*d + 37898594. What is t(-40)?
-6
Let v(k) = -79*k**2 - 1422*k - 17. Calculate v(-18).
-17
Let n(s) = 3748*s - 93759. Determine n(25).
-59
Let t(q) = -1598*q**2 + 3281*q - 166. What is t(2)?
4
Let o(m) = 882*m - 186848. Give o(212).
136
Let u(j) = -8*j**2 + 248*j - 2400. Calculate u(10).
-720
Let p(x) = -178*x**2 + 17*x + 98. What is p(-3)?
-1555
Let x(i) = -1658*i - 24942. Determine x(-15).
-72
Let v(t) = -t**3 + 229*t**2 - 1565*t + 97. Calculate v(7).
20
Let y(q) = -2999*q - 167665. Calculate y(-56).
279
Let x(c) = -4885*c + 58481. Determine x(12).
-139
Let b(u) = 730*u - 513. Determine b(2).
947
Let v(c) = -c**3 - 81*c**2 - 1154*c + 401. What is v(-65)?
7811
Let k(m) = 86236*m + 43462940. Give k(-504).
-4
Let v(g) = g**2 + 411*g - 4017. Give v(-421).
193
Let s(k) = -683*k + 10250. Give s(15).
5
Let j(q) = 177*q - 516. Determine j(4).
192
Let x(j) = 6995*j - 83063. Give x(12).
877
Let u(j) = 2*j**3 - 80*j**2 + 249*j - 6699. Give u(39).
-30
Let c(b) = -3*b**2 + 33424*b - 233836. Calculate c(7).
-15
Let z(x) = x**3 - 45*x**2 + 452*x - 204. What is z(14)?
48
Let j(r) = -7*r**3 - 48*r**2 - 2682*r + 2732. Calculate j(1).
-5
Let b(d) = 240*d**2 - 1648*d + 54. What is b(6)?
-1194
Let d(n) = -4315*n - 25875. Determine d(-6).
15
Let p(z) = -1455*z - 4379. Give p(-3).
-14
Let u(d) = 362297*d + 6159044. Calculate u(-17).
-5
Let l(w) = -w**3 - 18*w**2 + 45*w + 367. Give l(-17).
-687
Let n(u) = -75*u + 5088. Calculate n(77).
-687
Let j(u) = -u**3 + 49*u**2 + 1557*u + 7302. Calculate j(-6).
-60
Let p(v) = 2432*v - 90118. Calculate p(37).
-134
Let h(b) = 2*b**3 + 126*b**2 + 390*b + 8918. Calculate h(-61).
12
Let f(c) = -c**3 + 89*c**2 - 602*c + 34. What is f(82)?
-2262
Let l(h) = -4*h**3 - 484*h**2 - h - 290. Give l(-121).
-169
Let y(m) = -44*m**2 - 32949*m + 5238. Determine y(-749).
-5
Let a(h) = 403430*h - 1210299. Calculate a(3).
-9
Let w(d) = 345986*d - 2767911. Calculate w(8).
-23
Let j(x) = -7269*x + 247163. Give j(34).
17
Let r(g) = g**3 + 3*g**2 + 5898*g + 29529. Determine r(-5).
-11
Let h(o) = 19776*o**2 + 4*o - 15. Give h(0).
-15
Let s(v) = -11866*v + 130518. Determine s(11).
-8
Let q(w) = -1880*w + 12778. Determine q(7).
-382
Let p(s) = s**2 - 1488*s + 406851. Calculate p(361).
4
Let q(x) = -3*x**3 - 8*x**2 - 121*x - 459. Determine q(-4).
89
Let c(u) = 500*u - 17039. Determine c(34).
-39
Let y(v) = v**3 - 9*v**2 - 10154*v + 50797. Determine y(5).
-73
Let c(z) = -1692*z + 72756. Give c(43).
0
Let o(n) = 4646*n + 576094. Give o(-124).
-10
Let d(f) = 402*f - 42241. What is d(109)?
1577
Let s(c) = -629*c**3 + 16*c**2 + 82*c + 67. Calculate s(-1).
630
Let d(a) = -3*a**2 + 1180*a + 38955. Determine d(-31).
-508
Let y(u) = u**2 + 8648*u + 94893. What is y(-11)?
-114
Let y(w) = 4*w**2 - 355*w - 1624. Calculate y(-4).
-140
Let k(s) = -s**2 + 1259*s + 101451. Determine k(-76).
-9
Let k(v) = v**3 - 11*v**2 - 278*v + 929. Give k(3).
23
Let w(r) = 2985*r**3 + 35822*r**2 + 29*r + 95. Determine w(-12).
35
Let m(l) = -35*l**3 - 109*l**2 + 5*l + 52. Determine m(-3).
1
Let u(y) = -y**2 + 3756*y - 167297. Calculate u(45).
-302
Let f(c) = 7*c**3 + 1187*c**2 - 591*c - 13724. What is f(-170)?
46
Let y(t) = -9725*t + 2713277. What is y(279)?
2
Let h(f) = -18*f**3 - 4*f**2 + 206*f + 422. Give h(-2).
138
Let a(w) = 4467*w + 138942. Determine a(-31).
465
Let n(q) = -126*q**2 - 4329*q - 1523. Determine n(-34).
7
Let s(i) = 4*i**2 - 456*i + 10213. Determine s(30).
133
Let s(y) = y**2 + 368402*y - 2578840. Give s(7).
23
Let p(g) = 3613*g - 28728. What is p(8)?
176
Let n(x) = 605*x + 27179. Give n(-45).
-46
Let k(x) = 216*x - 18278. Calculate k(87).
514
Let b(o) = 2*o**2 - 16541*o - 66171. Give b(-4).
25
Let v(c) = -76*c**3 + 4*c**2 - 502*c - 1010. Give v(-2).
618
Let a(x) = -580*x + 11817. Give a(20).
217
Let m(n) = -n**2 - 401459*n - 2. What is m(0)?
-2
Let n(u) = -2*u**3 - 462*u**2 - 434*u + 6077. Give n(-230).
97
Let q(g) = -20002*g - 239821. What is q(-12)?
203
Let r(g) = -8631*g - 120857. What is r(-14)?
-23
Let v(z) = z**2 - 172*z + 5616. Calculate v(135).
621
Let g(l) = -2*l**2 - 1151*l - 139714. Determine g(-174).
8
Let t(x) = 1833*x + 239683. Determine t(-131).
-440
Let u(l) = -l**2 + 247*l + 119145. Calculate u(490).
75
Let q(z) = -2218*z + 95471. What is q(43)?
97
Let n(d) = -d**3 - 14*d**2 + 5059*d + 16013. What is n(-77)?
-3
Let q(o) = 343*o**3 - 130*o**2 + o - 1. What is q(1)?
213
Let j(o) = -o**3 - 48*o**2 - 217*o - 211. Give j(-3).
35
Let p(i) = -7402*i + 214502. Determine p(29).
-156
Let h(a) = 15*a**2 - 175*a + 359. Determine h(5).
-141
Let a(u) = 3*u**2 - 125*u - 16116. Calculate a(97).
-14
Let k(v) = -62*v + 1654. Calculate k(35).
-516
Let y(x) = -x**2 - 31*x + 258394. Determine y(493).
62
Let l(f) = 4*f**2 + 567*f + 1138. What is l(-139)?
-391
Let s(z) = -2*z**2 + 307*z + 12. Calculate s(0).
12
Let z(a) = 50*a**2 + 550*a - 603. Determine z(1).
-3
Let n(x) = -24994*x - 374933. Give n(-15).
-23
Let s(b) = b**3 - 111*b**2 + 329*b - 385. Give s(108).
155
Let i(h) = -h**2 + 514*h + 43574. What is i(-74)?
62
Let o(a) = 7759*a - 698313. Determine o(90).
-3
Let n(c) = 66390*c + 464548. Determine n(-7).
-182
Let d(u) = 13*u**2 + 68*u - 2247. Give d(-16).
-7
Let l(p) = p**3 - 2*p**2 + 1470*p + 1502. What is l(0)?
1502
Let t(p) = 11*p**3 + 407*p**2 + 3026*p + 111960. Calculate t(-37).
-2
Let j(d) = 3*d**2 + 37*d - 845. What is j(-21)?
-299
Let r(k) = 9*k**3 + 68*k**2 - 68*k - 706. Determine r(-7).
15
Let j(a) = -a**3 + 3*a**2 - 55*a - 436. What is j(0)?
-436
Let u(b) = -2*b**3 + 5*b**2 + 972*b - 6786. Calculate u(7).
-423
Let o(f) = f**3 - 354*f**2 - 14036*f + 138. Calculate o(-36).
-6
Let w(o) = 46362*o + 2086289. Calculate w(-45).
-1
Let q(v) = 8852*v - 78537. Determine q(9).
1131
Let h(s) = -53*s**2 + 276*s - 65. Give h(5).
-10
Let f(z) = z**2 + 6270*z - 572376. Give f(90).
24
Let q(m) = -10990*m - 197921. Calculate q(-18).
-101
Let c(l) = -3*l**3 - 388*l**2 - 6377*l + 355. Determine c(-110).
25
Let z(h) = -2*h**3 - 502*h**2 + h + 414. What is z(-251)?
163
Let s(v) = 3*v**2 - 554*v - 555. Calculate s(-1).
2
Let y(i) = i**2 + 9103*i + 154469. Give y(-17).
7
Let o(d) = 471530*d - 3300763. Give o(7).
-53
Let k(y) = 889*y + 18638. Calculate k(-21).
-31
Let f(t) = -1573*t + 39286. Give f(25).
-39
Let b(q) = 2821*q - 307516. What is b(109)?
-27
Let f(y) = -10*y**2 + 1283*y + 16774. Give f(-13).
-1595
Let s(z) = 164*z**3 + 6*z**2 - 140*z + 136. What is s(1)?
166
Let l(s) = 2717*s - 57019. Determine l(21).
38
Let x(n) = 324581*n + 2272084. What is x(-7)?
17
Let h(m) = 2*m**3 - 268*m**2 + 227*m + 5171. Give h(133).
-16
Let b(t) = 57465*t - 459732. Calculate b(8).
-12
Let y(o) = -2*o**3 + 113*o**2 + 1224*o - 7509. Calculate y(65).
226
Let l(t) = 13*t**2 + 118*t + 14